o**2 + 8*o + 10. Determine f(9).
1
Let n(c) = -3*c + 6. Determine n(6).
-12
Let b(z) = z**3 + 6*z**2 + 5*z + 5. Give b(-6).
-25
Let o(w) = -w**2 - 6*w + 50. Determine o(5).
-5
Let w(b) = 5*b**2 - b - 22. What is w(-4)?
62
Let b(z) = z**2 + 27*z + 99. Calculate b(-23).
7
Let o(w) = -13*w**3 - 3*w**2 - 4*w - 4. What is o(-2)?
96
Let s(n) = n**2 + 14*n + 29. Give s(-12).
5
Let d(q) = -21*q**2 + 2*q + 1. Give d(-1).
-22
Let m(a) = 17*a - 56. What is m(3)?
-5
Let t(p) = -p**2 - 6*p + 3. What is t(-8)?
-13
Let h(x) = x**3 + 5*x**2 - x - 3. Calculate h(-6).
-33
Let d(o) = 13*o**3 - o**2 + o + 1. What is d(-1)?
-14
Let g(j) = j**3 - 13*j**2 + 9*j + 10. Calculate g(12).
-26
Let r(a) = -a - 9. Give r(-5).
-4
Let c(t) = -t - 2. Give c(-5).
3
Let p(y) = -y**3 - y**2 + 4*y - 75. Determine p(0).
-75
Let p(y) = 66*y**3 + y**2 - 2*y + 1. What is p(1)?
66
Let f(g) = 4*g + 36. Calculate f(-9).
0
Let a(s) = 2*s**3 + 30*s**2 - 37*s + 7. What is a(-16)?
87
Let f(d) = d**2 + d - 3. What is f(5)?
27
Let z(a) = -a**2 - 27*a + 3. What is z(-23)?
95
Let x(b) = -114*b - 234. Give x(-2).
-6
Let o(m) = 21*m + 146. What is o(-6)?
20
Let x(w) = -w. Determine x(-7).
7
Let y(m) = 3*m + 98. Calculate y(-35).
-7
Let w(o) = 3*o - 13. Calculate w(10).
17
Let v(t) = t**3 - 2*t - 1. Calculate v(-1).
0
Let l(b) = -b**3 + 10*b**2 - 8. Give l(10).
-8
Let f(x) = x. Give f(-4).
-4
Let j(t) = 3*t - 68. Determine j(9).
-41
Let n(f) = f - 12. Determine n(18).
6
Let o(m) = m**3 - 4*m**2 + 11*m - 38. Give o(4).
6
Let d(t) = 42*t. What is d(-1)?
-42
Let g(x) = -x**3 + 4*x**2 + 4*x + 13. What is g(6)?
-35
Let g(a) = -a**3 - 5*a**2 - 3*a - 11. Give g(-5).
4
Let a(d) = d**3 - 2*d - 3. Calculate a(-2).
-7
Let r(h) = -h - 5. Determine r(-5).
0
Let d(n) = -n**2 - 9*n + 10. Determine d(-5).
30
Let w(q) = -q**3 + 20*q**2 - 31*q - 61. Give w(18).
29
Let t(i) = 2*i**3 - 10*i**2 - 9*i. Calculate t(-1).
-3
Let p(m) = m**3 - 1. Calculate p(-1).
-2
Let k(z) = z + 9. Determine k(-3).
6
Let g(c) = c**3 + 7*c**2 - 4*c + 14. What is g(-7)?
42
Let p(b) = -b**2 - 3*b. Calculate p(2).
-10
Let c(q) = q**2 - 26*q - 400. Give c(-11).
7
Let w(l) = -6*l**3 - 2*l**2 + l - 1. What is w(-2)?
37
Let a(q) = q + 2. What is a(-6)?
-4
Let o(y) = 3*y + 2. Calculate o(-4).
-10
Let h(i) = 5*i**2 + 13*i + 9. What is h(-2)?
3
Let j(f) = f**3 + 3*f**2 - 5*f - 7. Give j(-4).
-3
Let h(a) = -2*a**2 - 20*a + 8. What is h(-11)?
-14
Let i(j) = -j - 6. What is i(-2)?
-4
Let v(c) = 3*c + 4. Determine v(-6).
-14
Let i(p) = 2*p**2 + 14*p + 5. Calculate i(-6).
-7
Let l(u) = u**3 + 6*u**2 - 7*u + 13. Give l(-7).
13
Let f(r) = 2*r**2 + 5*r - 4. Determine f(3).
29
Let k(y) = -y**3 + 6*y**2 + 12*y - 3. Determine k(8).
-35
Let o(s) = -s + 24. Give o(7).
17
Let q(t) = -t**2 + 19*t + 29. What is q(21)?
-13
Let h(d) = -23*d**2 - 482*d + 14. Give h(-21).
-7
Let n(s) = 3*s**2 + 10*s + 6. Give n(-5).
31
Let y(g) = g**2 - 9*g + 7. What is y(8)?
-1
Let f(r) = -r**2 - 29*r - 58. Calculate f(-27).
-4
Let y(z) = -z**3 + 8*z**2 + z - 1. Give y(8).
7
Let b(f) = -f**3 + f**2 - 2*f + 4. What is b(0)?
4
Let z(i) = -i**3 + 10*i**2 - 13. Give z(10).
-13
Let q(w) = -w - 2. What is q(-2)?
0
Let h(l) = l**3 + 12*l**2 - 5*l - 12. Calculate h(-12).
48
Let a(t) = -t**3 + 15*t**2 + 19*t + 13. Calculate a(16).
61
Let x(v) = v**3 - 8*v**2 - 5*v - 10. Give x(8).
-50
Let n(h) = -30*h - 3. Calculate n(0).
-3
Let b(g) = -g**2 - g + 7. Give b(-3).
1
Let o(k) = -k**2 - 22*k - 49. What is o(-19)?
8
Let n(q) = -14*q - 569. Determine n(-40).
-9
Let m(i) = 5*i - 22. Calculate m(10).
28
Let s(r) = r**2 + 12*r - 11. Calculate s(-13).
2
Let k(s) = 4*s - 35. Determine k(7).
-7
Let r(x) = x**3 + 2*x**2 - 2*x - 6. Calculate r(-3).
-9
Let t(j) = -10*j**2 - 1. What is t(2)?
-41
Let g(h) = h**2 + 2. Calculate g(0).
2
Let p(g) = g**2 + 8*g. Give p(-6).
-12
Let o(s) = -s**3 + 4*s**2 + 3*s - 4. What is o(4)?
8
Let s(m) = -6*m + 1. Calculate s(2).
-11
Let u(d) = -d**3 - 11*d**2 + d + 18. Determine u(-11).
7
Let k(w) = -w**3 - w**2 + w - 32. Determine k(0).
-32
Let j(n) = -n**3 - n**2 - 104. Give j(0).
-104
Let v(o) = o**3 + o**2 + o - 4. Calculate v(-3).
-25
Let y(d) = d**3 - 16*d**2 + 37*d + 3. What is y(3)?
-3
Let l(t) = t**2 - 13*t + 2. Give l(12).
-10
Let f(i) = i - 9. What is f(4)?
-5
Let w(p) = -p**3 + 16*p**2 + p - 15. Determine w(16).
1
Let f(v) = -8*v**2 - v. Determine f(1).
-9
Let f(b) = -b**2 - 15*b + 9. Give f(-15).
9
Let d(w) = -w**2 - 9*w - 23. What is d(-6)?
-5
Let w(j) = j**2 + 7*j - 65. Calculate w(-12).
-5
Let a(i) = 5*i + 6. What is a(2)?
16
Let v(q) = 7*q - 7. What is v(-5)?
-42
Let n(o) = -o**3 - 12*o**2 - 9*o + 12. What is n(-11)?
-10
Let f(m) = -4*m + 172. What is f(35)?
32
Let j(m) = -m**2 + 10. What is j(7)?
-39
Let h(y) = y**3 - y**2 - 5. Calculate h(0).
-5
Let g(t) = -2*t**3 + 39*t**2 + 24*t - 23. Determine g(20).
57
Let m(w) = -w**3 + 3*w**2 + 2*w + 1. What is m(-2)?
17
Let g(m) = m**3 - 8*m**2 - 2*m + 9. Calculate g(8).
-7
Let w(d) = -d**2 + 7*d + 9. Calculate w(8).
1
Let w(x) = -x**2 + 20*x - 89. Determine w(14).
-5
Let k(a) = -a**2 + 6*a - 74. What is k(0)?
-74
Let b(o) = -30*o. What is b(-1)?
30
Let z(u) = -u**3 + 15*u**2 - 27*u + 11. Determine z(2).
9
Let f(n) = -4*n + 102. Calculate f(26).
-2
Let q(c) = 4*c + 56. Calculate q(-12).
8
Let t(y) = 5*y - 123. What is t(20)?
-23
Let x(w) = w**3 + 4*w**2 - 3*w + 18. Calculate x(-6).
-36
Let a(o) = o**3 - 11*o**2 - 14*o - 19. What is a(12)?
-43
Let g(v) = 2*v**2 - 27*v + 92. Calculate g(6).
2
Let u(b) = 2*b**3 - 1. Calculate u(-2).
-17
Let h(p) = p**3 + 32. Give h(0).
32
Let z(h) = -h**2 + 2*h - 1. What is z(1)?
0
Let x(j) = -2*j**3 - 10*j**2 + 13*j + 10. Determine x(-6).
4
Let l(f) = -5*f**2 + 45*f + 104. Give l(-2).
-6
Let i(v) = v**3 - 2*v**2 - 3*v + 3. Calculate i(4).
23
Let l(h) = h**2 + 15*h + 57. Give l(-12).
21
Let n(u) = u + 4. Give n(-8).
-4
Let c(o) = o**2 - 5*o. Determine c(2).
-6
Let s(o) = 10*o + 12. What is s(-6)?
-48
Let z(m) = m**3 + 6*m**2 + 3*m - 1. Calculate z(-5).
9
Let q(g) = -3*g - 24. Calculate q(-10).
6
Let g(q) = -5*q + 5. What is g(2)?
-5
Let g(p) = 5*p**3 - 4*p**2 - 2*p + 4. Determine g(2).
24
Let i(t) = 3*t**2 + 16*t + 36. Give i(-4).
20
Let f(o) = -o - 17. Calculate f(-7).
-10
Let p(g) = g**3 - 7*g**2 + g + 14. What is p(5)?
-31
Let o(q) = 2*q - 20. Calculate o(11).
2
Let v(x) = 2*x**3 - 2*x**2 - 5*x + 6. Determine v(2).
4
Let g(z) = 8*z + 24. What is g(-13)?
-80
Let j(m) = m**3 + 18*m**2 + 17*m - 7. Give j(-17).
-7
Let q(t) = t - 18. Calculate q(13).
-5
Let y(h) = -10*h - 228. Calculate y(-24).
12
Let d(m) = -m**2 + 24*m - 66. What is d(17)?
53
Let y(f) = -f**3 - f**2 + f + 38. What is y(0)?
38
Let f(b) = -b**3 + 7*b**2 - 3*b - 10. What is f(6)?
8
Let n(y) = -2*y + 2. What is n(3)?
-4
Let i(y) = -y**2 - 5*y - 3. What is i(-7)?
-17
Let y(h) = 12*h + 60. Determine y(-5).
0
Let j(f) = -f**3 - 29*f**2 - 31*f - 81. Determine j(-28).
3
Let a(c) = 3*c**2 + 6*c + 5. What is a(-3)?
14
Let u(d) = d - 7. What is u(8)?
1
Let m(q) = q**3 - 5*q**2 - q - 4. What is m(5)?
-9
Let o(h) = 4*h**3 + 3*h**2 - 6*h + 8. Calculate o(2).
40
Let z(v) = -v**3 - 15*v**2 + 34*v - 20. Give z(-17).
-20
Let y(k) = 3*k**2 + k. Give y(-1).
2
Let d(f) = 2*f**2 - 5*f - 13. What is d(-2)?
5
Let c(o) = 8*o**3 + 2*o**2 - o - 2. Calculate c(-1).
-7
Let y(j) = -2*j**2 - 12*j - 35. Calculate y(-4).
-19
Let s(u) = -4*u**3 - 7*u**2 - 6*u - 3. Calculate s(-2).
13
Let g(q) = q**3 + 11*q**2 - 21*q + 30. Determine g(-13).
-35
Let h(u) = u**2 + 14*u + 8. Give h(-14).
8
Let i(g) = -g**2 + 23*g + 26. Calculate i(25).
-24
Let l(m) = m**3 - 4*m**2 - 8*m - 3. Determine l(6).
21
Let n(c) = c**3 - 33*c**2 + 31*c + 46. Determine n(32).
14
Let f(x) = 82*x + 90. Give f(-1).
8
Let u(c) = c - 27. Calculate u(17).
-10
Let c(g) = 4*g - 5. Calculate c(4).
11
Let t(b) = b**3 - 5*b**2 + 8*b - 34. Determine t(5).
6
Let a(p) = 8*p + 220. Determine a(-27).
4
Let h(j) = -j + 16. Determine h(16).
0
Let n(w) = -w**3 - 12*w**2 + 13*w + 152. Determine n(-12).
-4
Let i(f) = -23*f + 321. Determine i(14).
-1
Let n(o) = o**2 - 10*o - 2. Give n(11).
9
Let l(w) = -261*w + 783. Calculate l(3).
0
Let m(c) = -8*c - 2. Give m(-2).
14
Let w(s) = -s**3 + 3*s + 15. Calculate w(0).
15
Let l(q) = -q**3 + 21*q**2 + 2*q + 3. What is l(21)?
45
Let k(p) = 3*p - 31. What is k(6)